t p(a) = -6*g(a) + 5*j(a). What is the tens digit of p(2)?
7
Let z be (1/(-3) - 372/18)*-2. What is the tens digit of (-6 + z/6)*149?
4
Let c be (-1 - 0)/(2*(-2)/(-8)). What is the units digit of ((-12)/(-36))/(c/(-48))?
8
Suppose 2*o = -o. Let r(m) = m**2 - 14*m + 4. Let z be r(14). Suppose o*n = z*n - 300. What is the units digit of n?
5
Let m = -5 + -9. What is the tens digit of 428/3*(-1)/(m/21)?
1
Let a be 40/28*14/4. Suppose 3*o - 9 = 0, 1482 = a*y - 5*o - 2508. What is the hundreds digit of y?
8
Suppose -v + f + 1001 - 205 = 0, -3*v + 2408 = f. Suppose 3*x - 1260 = 5*t - 5272, t = 2*x + v. What is the units digit of t?
3
Suppose -7*m + 19142 + 29179 = 6*m. What is the thousands digit of m?
3
Suppose 3*o = 3*d - 18, -d - o = -3*d + 13. Let f(h) = 3 - 6*h**2 + 13*h**2 - d - 3*h**3 + 4*h**3. What is the tens digit of f(-5)?
4
Let r(l) = l**3 + 23*l**2 - 26*l - 44. Let t be r(-24). Suppose 0*m - t*m = -44. Let x(w) = -w**3 + 13*w**2 - 13*w + 18. What is the units digit of x(m)?
7
Let h(n) = -15*n + 19*n**2 - 3 - n**3 - 5*n + 1 + 3. What is the units digit of h(14)?
1
Suppose 15*q = 3*q + 60. Suppose -5*o = -0*o + 5, q*r - o = -214. Let w = r + 51. What is the units digit of w?
8
Let k(d) = -d**3 + 9*d**2 + 2*d + 2. Let s be k(9). Let n = -17 + s. Suppose n*b + 2*b = 0, b + 188 = 4*m. What is the tens digit of m?
4
Let r = 45 - 45. Suppose r = -6*w + 11*w - 1220. What is the hundreds digit of w?
2
Suppose -5*o - a = -2*o + 784, -3*o - 4*a = 787. Let w = -137 - o. Suppose 6*n - w = 4*n. What is the units digit of n?
2
Let s be (-2)/((-1004)/(-112) - 9). Let v = s + -13. What is the tens digit of v?
4
Let q(z) = -324*z - 932. What is the hundreds digit of q(-17)?
5
Let q(k) = -6*k - 15. Let a be (2/7)/(4/28). Let y be -7*5/10*a. What is the tens digit of q(y)?
2
Let o(g) = -6*g**2 + 22*g + 7. Let j(k) = 19*k**2 - 65*k - 21. Let w(c) = 2*j(c) + 7*o(c). Let q be w(6). What is the tens digit of 4/q + -1 - (-1420)/14?
0
Let m = -27 - -28. Let t(y) = -61*y**3 - 2*y**2 - 4*y. Let k(o) = o**3 + o. Let d(x) = m*t(x) + 2*k(x). What is the tens digit of d(-1)?
5
Suppose -9*c = 2*c - 60159. What is the units digit of c?
9
Suppose 3*k - 1872 = -k. Suppose -4*g + k = -988. What is the hundreds digit of g?
3
What is the tens digit of 63*-1*8/(-36)*111?
5
Let n(g) = 10*g**2 - 2*g + 11. Let k be n(2). Suppose k*u - 52*u + 1350 = 0. What is the tens digit of u?
7
Let w(a) = 2*a**2 + 6*a - 7. Let b be w(2). Let h = b - 22. Let z = h + 21. What is the units digit of z?
2
Suppose 0 = -5*x - 28 + 73. Let l be 2/6*(x - -6). Suppose -321 = -3*p - l*r, -144 = -4*p - 2*r + 284. What is the units digit of p?
7
Let i(j) = -7*j + 23. Let d be i(-4). Let l = d + 110. What is the hundreds digit of l?
1
Let w(b) = 1 + 2*b**2 - 5*b**2 - 6*b + 7*b**2. Let g be w(7). Let x = -55 + g. What is the tens digit of x?
0
What is the hundreds digit of ((-13)/26)/(6/(-87408)) - (-1 + 1)?
2
Let i = -9703 - -18684. What is the tens digit of i?
8
Suppose -4*p + 263418 = -76*y + 79*y, 5*p + y = 329289. What is the ten thousands digit of p?
6
Let v(q) = -q**3 - 14*q**2 + 18*q + 45. Let r be v(-15). Suppose -4*n - 906 - 13 = -j, r = 5*n. What is the units digit of j?
9
Suppose -31568 = 10*u - 126468. What is the hundreds digit of u?
4
Suppose -c = 4*w - 1493, 0 = 3*w - c + 467 - 1578. Suppose -5*d + g = -989, -3*d - w = -5*g - 961. What is the tens digit of d?
9
Suppose 2*s = 1168 - 398. Let y = 31 + s. What is the hundreds digit of y?
4
Suppose -2*p - 2*p = -5*x - 1051, -4*p + 1033 = x. Let a = -47 + p. What is the tens digit of a?
1
Suppose -3*s = -24 + 9. Suppose s*x - 4*b + 6*b = 24, 5*b = -2*x - 3. Suppose 520 + 476 = x*n. What is the hundreds digit of n?
1
Let u = 5301 + 9442. What is the tens digit of u?
4
Suppose 5159 - 16406 = -4*b + 11077. What is the thousands digit of b?
5
Suppose k + 3*z - 22240 = 0, -693*z + 698*z = 3*k - 66622. What is the hundreds digit of k?
2
Suppose -n + 3*s + 3 = 0, 6*n - 3*s = 11*n - 51. Suppose 1 = 4*y - 11. Suppose -n*j + 2160 = y*j. What is the units digit of j?
0
Let t = 3786 - 1335. Let h = t + -1173. What is the tens digit of h?
7
Let c = -71076 + 143029. What is the hundreds digit of c?
9
Let g = -42 + 52. Suppose 2*j - 160 = -4*y, -2*y + 86 = -j + g. Suppose 4*p = 29 + y. What is the units digit of p?
7
Let k = -448 + 152. Let d = -57 - k. What is the hundreds digit of d?
2
Suppose 24*z + 4368 = 30*z. Suppose i - z = 11. What is the tens digit of i?
3
Suppose 8*f + 93 - 421 = 0. Suppose f*z + 3834 = 39*z. What is the units digit of (5/(-15))/(3/z)?
3
Suppose -308*q + 317*q = 90297. What is the tens digit of q?
3
Let u be ((-7)/(-1) - 0)/(2/26). Suppose -165 = -8*a + u. Suppose -7*x - a + 1516 = 0. What is the tens digit of x?
1
Let v be (-22)/77 - (-112)/49. Suppose 4*m = -j + 1247, 1049 + 1415 = 2*j + v*m. What is the hundreds digit of j?
2
What is the hundreds digit of (15346 - -3) + (-3 - -16)?
3
Suppose -12 = 4*z, 4*z = -5*d - 5 + 3. What is the tens digit of (42/(-35))/(d/((-4380)/9))?
9
What is the thousands digit of (-1*985 + 2)/(95/(-380))?
3
Let a(q) = 2*q - 40. Let s be a(30). Suppose s*t - 2464 = 4*t. What is the tens digit of t?
5
Suppose -4*d = -2*p + 57526, 3*d = p + 8036 - 36792. What is the units digit of p?
7
Let y(q) = 2*q**2 - q + 3. Let l be 310/35 - (-1)/7. Suppose -l = -5*d + 21. What is the units digit of y(d)?
9
Let v = 11 + -7. Let t(h) = h**3 - h**2 + 5*h + 2. Let z be t(0). Suppose -s = v*b - 53 - 144, -z*b = -s + 173. What is the units digit of s?
1
Let y = -15 - -54. Suppose 4140 = -19*f + y*f. What is the hundreds digit of f?
2
Let q(l) = -456*l - 921. What is the tens digit of q(-19)?
4
Suppose 3*d - w = 176796, 19*w + 589316 = 10*d + 17*w. What is the ten thousands digit of d?
5
Suppose 0 = -d - 5*d + 1500. Suppose 10*r - 9*r = d. What is the tens digit of r?
5
Let u(o) be the second derivative of 3*o**5/20 + 31*o**4/12 + 5*o**3/6 - 2*o**2 - 19*o - 6. What is the units digit of u(-10)?
6
What is the thousands digit of (-54438)/(-16) + 114/(-304)?
3
Suppose 15*m - 90 - 6810 = 0. Let d = m + -253. What is the hundreds digit of d?
2
Let c = -628 - -638. Suppose -1305 = -c*i + 465. What is the hundreds digit of i?
1
Let s(j) = 245*j + 9. Let c(t) = t**3 - 7*t**2 + 2*t - 7. Let q be c(7). Let h(n) = 368*n + 13. Let a(y) = q*s(y) - 5*h(y). What is the hundreds digit of a(-1)?
1
Let p(t) = -712*t + 1108. What is the thousands digit of p(-7)?
6
Let b = -4068 + 15521. What is the hundreds digit of b?
4
Suppose -3*f - 101 = 25. Let r = f - -532. What is the tens digit of r?
9
Suppose 3*a = 3*g - 24, -2*g + a - 6 = -23. Let n(k) = -k**2 + 10*k - 8. What is the units digit of n(g)?
1
Let d(m) be the third derivative of -m**5/60 + 47*m**4/24 - 5*m**3 + m**2 + 4*m. What is the tens digit of d(14)?
3
Let q(o) = 225*o**2 - 19*o - 32. Let r(s) = -226*s**2 + 19*s + 34. Let f(a) = -3*q(a) - 4*r(a). What is the hundreds digit of f(-2)?
9
Suppose 17*b - 1267 = 1368. What is the tens digit of (-9)/(45/b)*-31?
6
Suppose 9*d = 13*d - 24. Let v(l) = -6*l + 20. Let o be v(d). Let z = o - -44. What is the tens digit of z?
2
Suppose 8*q - 2016 + 712 = 0. Suppose 0 = 2*t + 2*w - 302, t + 3*w - q = -w. What is the hundreds digit of t?
1
Let y(r) = 1020*r + 77. Let w be y(-1). Let m = w - -1621. What is the units digit of m?
8
Suppose k + k = 6, 0 = -3*s - 4*k + 60. Suppose 0 = 4*q + s - 20. What is the units digit of (-3 + 8)*((-4)/5 + q)?
1
Let b(q) = 5*q - 12. Let t be b(-2). Let c be (t/(-4))/(-11)*0. Suppose c = -9*s + 943 - 205. What is the tens digit of s?
8
Let g(o) = -58*o - 247. Let n be g(23). Let s = n - -2850. What is the tens digit of s?
6
Suppose 5*o - 4*x - 42336 = -5*o, -x = -4*o + 16935. What is the tens digit of o?
3
Suppose -4*z + 27694 = -2*v - 12414, 5*z + 40153 = -2*v. Let d be v/(-60) - 4/10. What is the units digit of (d/(-3))/(14/(-21))?
7
Suppose 0 = -49*g - 892 - 431. What is the hundreds digit of (18/g)/((-11527)/(-3843) - 3)?
2
Let j be 100 + (-1 - 2) + 2/2. Let m = 149 - j. Let c = 64 - m. What is the tens digit of c?
1
Suppose 0 = -10*z + 9*z + 3. What is the tens digit of z + 1 + (-3)/((-6)/566)?
8
Let z = 189 - 111. Suppose 86*h - z*h = 2944. What is the tens digit of h?
6
Let f(w) = 32*w**2 + 19*w - 83. Wh